{"id":25,"date":"2019-12-07T19:05:14","date_gmt":"2019-12-07T18:05:14","guid":{"rendered":"http:\/\/cdul.fr\/?page_id=25"},"modified":"2025-03-31T17:00:59","modified_gmt":"2025-03-31T15:00:59","slug":"adherer","status":"publish","type":"page","link":"http:\/\/cdul.fr\/?page_id=25","title":{"rendered":"Adh\u00e9rer"},"content":{"rendered":"\n<p><\/p>\n\n\n\n<p><strong><mark style=\"background-color:rgba(0, 0, 0, 0)\" class=\"has-inline-color has-luminous-vivid-amber-color\">Devenez membre de la CDUL<\/mark><\/strong> et contribuez ainsi \u00e0 la solidarit\u00e9 de nos disciplines.&nbsp;<\/p>\n\n\n\n<p>\u00catre membre de la CDUL c&rsquo;est \u0153uvrer au <mark style=\"background-color:rgba(0, 0, 0, 0)\" class=\"has-inline-color has-luminous-vivid-amber-color\"><strong>d\u00e9veloppement de nos formations<\/strong><\/mark> et b\u00e9n\u00e9ficier d&rsquo;une <strong><mark style=\"background-color:rgba(0, 0, 0, 0)\" class=\"has-inline-color has-luminous-vivid-amber-color\">meilleure communication<\/mark><\/strong> entre nous, doyennes et doyens en sciences humaines.&nbsp;<\/p>\n\n\n\n<p>Pour adh\u00e9rer ou renouveler votre adh\u00e9sion, nous vous prions de bien vouloir remplir tous les champs du formulaire que vous trouverez ci-dessous. Les donn\u00e9es recueillies, de nature professionnelle uniquement, ne serviront que dans le strict cadre de l&rsquo;association.<\/p>\n\n\n\n<p>Nous vous demandons \u00e9galement quelques renseignements sur votre UFR de sorte que nous connaissions mieux nos adh\u00e9rents.<\/p>\n\n\n\n<p><\/p>\n\n\n\n<p><mark style=\"background-color:rgba(0, 0, 0, 0)\" class=\"has-inline-color has-luminous-vivid-amber-color\"><strong>Les adh\u00e9sions se font par carte bancaire&nbsp;:<\/strong><\/mark><\/p>\n\n\n\n<ul class=\"wp-block-list\">\n<li>150\u20ac par composante<\/li>\n<\/ul>\n\n\n\n<ul class=\"wp-block-list\">\n<li>15 \u20ac \u00e0 titre individuel si vous n\u2019\u00eates plus en fonction<\/li>\n<\/ul>\n\n\n\n<p>Pour toute question relative \u00e0 votre adh\u00e9sion, vous pouvez vous adresser \u00e0 notre tr\u00e9sori\u00e8re :<\/p>\n\n\n\n<p>cdul.martawaldegaray@gmail.com<\/p>\n\n\n\n<p>Pour adh\u00e9rer, merci de proc\u00e9der comme suit : <\/p>\n\n\n\n<ul class=\"wp-block-list\">\n<li>1\/ Tout d&rsquo;abord remplir le formulaire en cliquant sur le bouton ci-dessous :<\/li>\n<\/ul>\n\n\n\n<div class=\"wp-block-buttons is-layout-flex wp-block-buttons-is-layout-flex\">\n<div class=\"wp-block-button\"><a class=\"wp-block-button__link wp-element-button\" href=\"https:\/\/forms.gle\/hjVqaEzzf4dSLAuZ9\" target=\"_blank\" rel=\"noreferrer noopener\">Informations sur la composante<\/a><\/div>\n<\/div>\n\n\n\n<ul class=\"wp-block-list\">\n<li>2\/ Puis proc\u00e9der au paiement ici en cliquant sur le bouton ci-dessous :<\/li>\n<\/ul>\n\n\n\n<div class=\"wp-block-buttons is-layout-flex wp-block-buttons-is-layout-flex\">\n<div class=\"wp-block-button\"><a class=\"wp-block-button__link wp-element-button\" href=\"https:\/\/www.helloasso.com\/associations\/conference-des-directions-d-ufr-de-lettres-langues-arts-sciences-humaines-et-sociales\/adhesions\/cdul-adhesion-2025-1\" target=\"_blank\" rel=\"noreferrer noopener\">Paiement de la cotisation<\/a><\/div>\n<\/div>\n\n\n\n<ul class=\"wp-block-list\">\n<li class=\"has-luminous-vivid-orange-color has-text-color has-link-color wp-elements-2da6023a019c94e18e6caf873f8c4780\"><strong>\u00c0 SAVOIR : l&rsquo;\u00e9cran pr\u00e9c\u00e9dant le paiement de la cotisation, vous invite \u00e0 faire un don \u00e0 la plateforme \u00ab\u00a0Helloasso\u00a0\u00bb dont c&rsquo;est le mode de r\u00e9mun\u00e9ration. Ce don est purement facultatif et si vous ne souhaitez pas le faire, n&rsquo;oubliez pas de r\u00e9gler votre participation \u00e0 0\u20ac. <\/strong><\/li>\n<\/ul>\n\n\n\n<p><\/p>\n","protected":false},"excerpt":{"rendered":"<p>Devenez membre de la CDUL et contribuez ainsi \u00e0 la solidarit\u00e9 de nos disciplines.&nbsp; \u00catre membre de la CDUL c&rsquo;est \u0153uvrer au d\u00e9veloppement de nos formations et b\u00e9n\u00e9ficier d&rsquo;une meilleure communication entre nous, doyennes et doyens en sciences humaines.&nbsp; Pour adh\u00e9rer ou renouveler votre adh\u00e9sion, nous vous prions de bien vouloir remplir tous les champs<\/p>\n","protected":false},"author":1,"featured_media":0,"parent":0,"menu_order":0,"comment_status":"closed","ping_status":"closed","template":"fullwidth.php","meta":{"footnotes":""},"class_list":["post-25","page","type-page","status-publish","hentry"],"jetpack_sharing_enabled":true,"_links":{"self":[{"href":"http:\/\/cdul.fr\/index.php?rest_route=\/wp\/v2\/pages\/25","targetHints":{"allow":["GET"]}}],"collection":[{"href":"http:\/\/cdul.fr\/index.php?rest_route=\/wp\/v2\/pages"}],"about":[{"href":"http:\/\/cdul.fr\/index.php?rest_route=\/wp\/v2\/types\/page"}],"author":[{"embeddable":true,"href":"http:\/\/cdul.fr\/index.php?rest_route=\/wp\/v2\/users\/1"}],"replies":[{"embeddable":true,"href":"http:\/\/cdul.fr\/index.php?rest_route=%2Fwp%2Fv2%2Fcomments&post=25"}],"version-history":[{"count":25,"href":"http:\/\/cdul.fr\/index.php?rest_route=\/wp\/v2\/pages\/25\/revisions"}],"predecessor-version":[{"id":3382,"href":"http:\/\/cdul.fr\/index.php?rest_route=\/wp\/v2\/pages\/25\/revisions\/3382"}],"wp:attachment":[{"href":"http:\/\/cdul.fr\/index.php?rest_route=%2Fwp%2Fv2%2Fmedia&parent=25"}],"curies":[{"name":"wp","href":"https:\/\/api.w.org\/{rel}","templated":true}]}}